**2 - 17*d - 24. Calculate n(10).
6
Let u(w) = w**2 - 3*w - 4. Give u(-3).
14
Let l(g) = g**3 - 15*g**2 - 17*g + 31. Calculate l(16).
15
Let u(h) = -h + 2. Calculate u(-5).
7
Let j(l) = l**3 + 20*l**2 - 18*l + 45. What is j(-21)?
-18
Let f(y) = -2*y**2 + 104*y + 110. What is f(53)?
4
Let w(z) = -6*z - 12. Calculate w(10).
-72
Let p(l) = -l**3 + 2*l**2 - 34. Give p(0).
-34
Let n(c) = c**3 + 6*c**2 + 4*c - 4. Give n(-5).
1
Let r(b) = 8*b**2 + 2*b - 3. What is r(-1)?
3
Let u(a) = -a**3 + 3*a**2 + 5*a + 3. Determine u(4).
7
Let m(g) = -g**2 + 7*g + 8. What is m(10)?
-22
Let d(m) = -2*m**2 + 26*m - 6. What is d(12)?
18
Let x(k) = -9*k**2 + 1. Calculate x(-1).
-8
Let k(d) = -17*d**2 + 12*d - 8. What is k(1)?
-13
Let a(t) = -t**2 - 6*t - 19. What is a(-9)?
-46
Let b(d) = -7*d**2 - 2*d - 2. Determine b(-1).
-7
Let g(d) = -9*d**2 + d + 1. Calculate g(-1).
-9
Let t(s) = s**3 + 12*s**2 + 15*s + 22. Calculate t(-11).
-22
Let b(u) = -3*u**2 - 4*u + 2. Give b(-2).
-2
Let j(u) = -u**2 + 6*u - 11. Determine j(2).
-3
Let h(p) = -p**2 - p - 23. Determine h(0).
-23
Let a(o) = 24*o + 12. Calculate a(-1).
-12
Let k(o) = 2*o**3 - 2*o**2 - 4. Determine k(2).
4
Let s(l) = -l**3 - 27. Calculate s(0).
-27
Let n(u) = u**2 + u - 37. Determine n(-7).
5
Let t(p) = -18*p**3 - 2*p**2 - 2*p + 2. What is t(1)?
-20
Let z(b) = -9*b - 9. Give z(-5).
36
Let n(k) = -k**3 + 18*k**2 + 18*k - 9. Calculate n(19).
-28
Let f(i) = -i + 13. Calculate f(16).
-3
Let r(f) = f**3 - 8*f**2 + 14. What is r(6)?
-58
Let f(v) = -v**2 - v - 6. Determine f(0).
-6
Let w(j) = -15*j**2 - 7*j - 13. Calculate w(-2).
-59
Let l(g) = g**3 + 26*g**2 + 33*g + 230. Determine l(-25).
30
Let a(l) = -2*l**2 - 5*l - 2. Determine a(-4).
-14
Let j(l) = 28*l + 93. What is j(-3)?
9
Let r(x) = x**3 - 5*x**2 + 4*x - 6. Determine r(4).
-6
Let z(l) = 6*l**3 + 2*l**2 - 3*l - 2. Determine z(-2).
-36
Let l(f) = -f**2 - 11*f + 18. Give l(-14).
-24
Let o(i) = -33*i + 106. What is o(3)?
7
Let n(y) = y + 3. What is n(5)?
8
Let i(r) = 22*r - 230. Determine i(10).
-10
Let w(y) = -y**3 + 2*y - 52. What is w(0)?
-52
Let u(i) = i**2 + 3*i - 7. Determine u(3).
11
Let v(z) = 3*z**2 + 10*z - 1. Calculate v(-4).
7
Let t(p) = -2*p**2 - 54*p + 62. What is t(-28)?
6
Let u(q) = q**2 - 21*q + 43. Determine u(19).
5
Let i(b) = 4*b + 55. Calculate i(-15).
-5
Let m(h) = -2*h**2 + 12*h + 30. What is m(12)?
-114
Let k(l) = -2*l**2 - 8*l - 5. Determine k(-4).
-5
Let i(d) = d**2 - 17*d - 24. Calculate i(18).
-6
Let j(t) = 76*t**2 + t - 1. Give j(1).
76
Let o(z) = z**3 + 27*z**2 + 24*z - 46. Determine o(-26).
6
Let u(m) = 7*m**3 + 3*m + 4. Calculate u(-1).
-6
Let p(h) = -h**2 - 26*h - 7. What is p(-26)?
-7
Let g(o) = 19*o - 2. Give g(-1).
-21
Let k(m) = -m**3 - 13*m**2 - 2*m + 3. What is k(-13)?
29
Let b(x) = x**3 + 9*x**2 + 8*x + 2. Determine b(-8).
2
Let k(d) = d**3 + 10*d**2 - 12*d - 12. What is k(-11)?
-1
Let r(y) = y + 37. Calculate r(0).
37
Let t(m) = -7*m**2 + 129*m - 47. Calculate t(18).
7
Let g(c) = -14*c - 36. Calculate g(-4).
20
Let m(c) = -3*c**2 + 8*c + 123. Calculate m(8).
-5
Let g(h) = 2*h**3 - 20*h**2 - 4*h + 29. Give g(10).
-11
Let i(z) = 2*z - 18. Give i(12).
6
Let p(v) = 7*v + 14. Give p(6).
56
Let v(j) = 6*j**2 - 43*j + 17. What is v(7)?
10
Let c(k) = -k**3 + 18*k**2 - 18*k + 14. What is c(17)?
-3
Let i(g) = 2*g + 3. Calculate i(2).
7
Let s(q) = -q**3 + 7*q**2 - 8*q + 10. Calculate s(5).
20
Let v(a) = -2*a**2 + 42*a - 180. Give v(6).
0
Let y(t) = 2*t**2 + 35*t + 33. Determine y(-17).
16
Let i(f) = -f - 14. What is i(10)?
-24
Let a(d) = -d**2 + 16*d + 6. Give a(16).
6
Let j(b) = -b**3 + 4*b**2 - 4*b - 9. Calculate j(6).
-105
Let i(d) = -d - 21. Give i(-10).
-11
Let p(q) = -q**3 + 9*q**2 + 8*q - 1. What is p(10)?
-21
Let f(l) = 43*l + 23. Calculate f(-2).
-63
Let w(z) = -z**2 + 3*z + 7. Calculate w(-3).
-11
Let z(b) = -b**3 - 7*b**2 - 11*b - 9. Determine z(-5).
-4
Let m(u) = u**3 + 2*u**2 - 25*u - 10. What is m(-6)?
-4
Let d(i) = -i**3 + 5*i**2 + 19*i + 36. Determine d(8).
-4
Let z(m) = m**2 - 15*m - 9. Determine z(13).
-35
Let d(q) = q + 20. What is d(12)?
32
Let f(j) = -j**2 + 15*j + 31. Determine f(17).
-3
Let i(v) = -12*v - 12. Determine i(6).
-84
Let h(n) = 16*n - 603. What is h(37)?
-11
Let p(m) = -m**2 + 10*m + 50. Give p(12).
26
Let u(q) = q**2 - 14*q - 256. Determine u(24).
-16
Let r(g) = -3*g + 10. Calculate r(-1).
13
Let k(a) = a**3 - 6*a**2 - 10*a + 8. Give k(8).
56
Let v(b) = -2*b - 5. What is v(-16)?
27
Let w(b) = 17*b. Determine w(-2).
-34
Let m(b) = b**3 + 26*b**2 + 24*b - 9. Give m(-25).
16
Let n(m) = m**3 + 9*m**2 - 22*m - 3. Determine n(-11).
-3
Let x(h) = 31*h - 30. Determine x(2).
32
Let f(n) = -2*n**2 + 2. Give f(-2).
-6
Let v(m) = -m**3 + 22*m**2 - 41*m + 11. Determine v(20).
-9
Let s(d) = -d - 13. Give s(-10).
-3
Let i(o) = 22*o**2 + 2*o + 1. What is i(-1)?
21
Let p(t) = -t**2 + 5*t + 3. Determine p(-3).
-21
Let j(s) = 9*s - 196. Determine j(21).
-7
Let c(n) = n**3 - 23*n**2 + 40*n + 48. Calculate c(21).
6
Let g(f) = -35*f**2 + 5*f + 2. Determine g(1).
-28
Let n(f) = 26*f - 656. Give n(25).
-6
Let m(z) = 3*z - 21. What is m(11)?
12
Let b(t) = -3*t**2 + 19*t - 12. What is b(6)?
-6
Let t(f) = f**3 + 7*f**2 + 5*f + 39. Calculate t(-7).
4
Let q(x) = x**3 + 9*x**2 - 91*x - 22. What is q(-15)?
-7
Let a(t) = t**3 - 13*t**2 + 10*t + 21. Determine a(12).
-3
Let a(w) = -2*w**2 + 5*w - 6. Determine a(4).
-18
Let i(l) = -l**2 - 12*l - 20. Calculate i(-10).
0
Let q(s) = -s**3 - 7*s**2 - 2*s - 3. Give q(-7).
11
Let d(v) = -6*v - 8. What is d(-2)?
4
Let g(j) = 4*j + 7. Determine g(-2).
-1
Let n(z) = -3*z**3 - 5*z**2 - 4*z - 9. Give n(-4).
119
Let p(f) = 5*f + 14. Calculate p(14).
84
Let h(a) = -a**3 - 2*a**2 + 10*a + 9. Determine h(-4).
1
Let r(k) = 5*k**3 + 3*k**2 + k + 1. What is r(-2)?
-29
Let z(j) = -8*j - 63. Calculate z(-10).
17
Let x(k) = -3*k**2 - 3*k + 5. Calculate x(3).
-31
Let r(x) = x - 23. Give r(3).
-20
Let w(u) = -u**2 - 8*u - 10. Give w(-6).
2
Let d(h) = -h**2 + 14*h + 30. Give d(16).
-2
Let v(n) = -10*n - 103. Calculate v(-11).
7
Let s(k) = -k**2 + 13*k - 10. Determine s(10).
20
Let m(v) = -v**3 - 4*v**2 + 220*v + 21. Give m(13).
8
Let n(k) = -k**3 + 3*k + 5. What is n(-2)?
7
Let c(j) = j + 19. What is c(-7)?
12
Let q(g) = -g**2 - 7*g + 1. Calculate q(-8).
-7
Let o(c) = c + 18. Determine o(-7).
11
Let m(h) = 7*h - 4. What is m(-5)?
-39
Let l(d) = -9*d**3 + 11*d**2 + 13*d + 1. Calculate l(-1).
8
Let a(c) = 4*c - 18. Calculate a(3).
-6
Let x(a) = -2*a - 18. Determine x(-6).
-6
Let q(n) = -n**2 - 6*n - 7. Calculate q(5).
-62
Let i(m) = 5*m - 13. Calculate i(4).
7
Let b(v) = -v**2 + 14*v - 16. Give b(13).
-3
Let m(j) = -29*j - 178. Determine m(-6).
-4
Let r(i) = -2*i**3 + 10*i**2 + 8*i - 16. Determine r(5).
24
Let x(p) = -70*p - 4. Determine x(1).
-74
Let b(s) = -2*s**2 - 2*s - 3. Give b(-2).
-7
Let p(f) = -5*f + 5. Give p(4).
-15
Let l(v) = v**3 + 6*v**2 + 6*v - 7. Calculate l(-5).
-12
Let z(b) = -b**3 + 11*b**2 + 12*b - 8. Calculate z(12).
-8
Let j(k) = -k + 6. Give j(3).
3
Let j(w) = -2*w**3 + 7*w**2 - 9*w + 8. Give j(2).
2
Let q(n) = 2*n - 6. Give q(9).
12
Let n(z) = -z**2 - 13*z - 2. What is n(-13)?
-2
Let a(s) = s**3 + 15*s**2 + 12*s - 11. Give a(-14).
17
Let v(c) = c**3 + 2*c**2 - 14*c - 1. Give v(-5).
-6
Let g(y) = y**2 - 9*y + 1. Determine g(4).
-19
Let o(m) = m. Calculate o(0).
0
Let v(f) = f + 26. Determine v(11).
37
Let m(r) = 3*r**2 - 1. Give m(-2).
11
Let k(w) = -2*w. Determine k(-2).
4
Let f(j) = 2*j + 11. Determine f(-6).
-1
Let m(b) = -b**3 - b**2 + 2*b - 1. Calculate m(-3).
11
Let n(b) = b**3 + 7*b**2 + 5*b + 1. Determine n(-4).
29
Let l(m) = -3*m + 153. Determine l(49).
6
Let l(w) = -w**3 + 15*w**2 + 14*w + 16. Calculate l(16).
-16
Let h(g) = -g - 1. Give h(13).
-14
Let f(x) = x**2 + 10*x - 32. Give f(-13).
7
Let x(b) = 7*b + 96. Determine x(-13).
5
Let p(h) = -15*h + 1. Give p(-1).
16
Let r(z) = z**3 + 16*z**2 - z - 10. Give r(-16).
6
Let k(r) = 62*r + 1864. Determine k(-30).
4
Let l(o) = o**2 + 36*o + 11. Determine l(-36).
11
Let d(z) = z**3 - 8*z**2 - z + 13. Give d(8).
5
Let d(q) = -q**2 - 9*q. Give d(-12).
-36
Let n(m) = -47*m + 1032. Determine n(22).
-2
Let w(o) = -2*o + 69. What is w(31)?
7
Let k(m) = -2*m + 137. Give k(69).
-1
Let t(f) = -19*f - 10. Determine t(-1).
9
Let i(o) = 1